Suppose -5*j = 5*o - 125, -o + 15 = 5*j - 22. Calculate the highest common divisor of a and o.
2
Suppose s - 7 = -2*r + 2, 6 = 3*r. Let c = 10 - 6. Let w be (2/c)/(2/100). What is the greatest common factor of w and s?
5
Let z = -17 + 24. Suppose -3*h - z = -2*l + 2, 0 = l - 5*h - 8. Calculate the greatest common factor of 3 and l.
3
Let w = -7 - -9. Suppose -w*v + 6*v - 16 = 0. Let r be (-8)/10*-25*1. What is the greatest common factor of v and r?
4
Suppose -5*n + 4*m + 128 - 27 = 0, -42 = -2*n + 2*m. What is the greatest common divisor of n and 153?
17
Let q(b) = -39*b**3 - b**2. Let d be q(-1). Calculate the greatest common divisor of d and 57.
19
Let y(h) = h**2 + 29*h + 50. Let b be y(-28). Calculate the greatest common divisor of b and 88.
22
Let n = 26 + -36. Let r be 265/n - (-2)/4. Let f be (-4)/(-1*2) - r. What is the highest common divisor of 4 and f?
4
Let o = -28 + 11. Let y = 32 + o. Calculate the highest common factor of 45 and y.
15
Suppose -4*i - i = -440. Let g(q) = 2*q - 7. Let k be g(-7). Let m = -13 - k. Calculate the highest common divisor of m and i.
8
Let n be -40*9/((-36)/8). Calculate the highest common divisor of n and 10.
10
Let o(l) = -l + 13. Let a be o(10). Suppose -100 = a*s - 5*s. What is the highest common divisor of 20 and s?
10
Let b be 15/6*1*2. What is the greatest common divisor of 20 and b?
5
Suppose -3*q = 2*q - 15. Suppose 0 = i - 9 - q. Calculate the greatest common divisor of 108 and i.
12
Suppose 0 = 4*x - 109 - 83. Let i = 28 - 12. What is the greatest common factor of i and x?
16
Suppose -10*u + 117 = -u. Calculate the highest common factor of 65 and u.
13
Let b(k) = 16*k**3 - k. Let w be b(1). Suppose -13*m - 30 = -14*m. Calculate the highest common factor of w and m.
15
Suppose 2*y + 232 = -0*y. Let m = y - -212. What is the highest common factor of m and 12?
12
Suppose -24 = 5*b + 1, 2*j + b - 5 = 0. Suppose c + 4*c - 615 = -j*f, 0 = -f + 4*c + 108. Let a = -5 - -17. Calculate the greatest common divisor of a and f.
12
Let q = 13 - 11. Suppose -y = -5*y + 32. Suppose q = 3*i + r - 10, 0 = i - r - y. What is the highest common divisor of i and 5?
5
Suppose -3 = -5*u + 22. Let k = u - 5. Suppose 5*d - 2*z - 68 = k, -4*d - z = -5*z - 64. Calculate the greatest common factor of 24 and d.
12
Suppose 0 = -0*x + x - 2*k - 79, 406 = 5*x + k. Let a be (-1)/(-2) - x/(-18). What is the highest common divisor of a and 1?
1
Let g(x) = -19*x**3 + 2*x**2 - x - 2. Let f be g(-1). What is the greatest common divisor of 50 and f?
10
Let u = 12 - 7. Suppose m + 4*m - u = 0. Let n be (-26)/(-6) - (-1)/(-3). Calculate the greatest common divisor of m and n.
1
Suppose -2*s - s + 264 = 0. Calculate the greatest common factor of s and 22.
22
Suppose -p - 2*p = -66. What is the highest common divisor of 198 and p?
22
Suppose -2*p + 5*p - 36 = 0. Let m = p + 0. Calculate the highest common divisor of 60 and m.
12
Suppose -3*m - 7 = -f - 0*m, -4*f + 3*m = -10. What is the greatest common divisor of 2 and f?
1
Suppose -4*b = -2*b - 18. Let d(v) = -b*v - 2 + 14*v - 3. Let f be d(7). What is the greatest common divisor of f and 12?
6
Let c(p) = 3*p + 132. Let b be c(0). What is the highest common factor of 12 and b?
12
Let y(b) = -b**2 + 52. Let n be y(0). What is the highest common divisor of 13 and n?
13
Let j = -3 + 5. Let a be 21/(-2)*(-4)/(-6). Let f be a/(-1) - (-3 + 0). What is the highest common divisor of f and j?
2
Let y be 5/(10/4) - 0. Suppose 0 = y*c - 26 - 6. Let f(v) = -9*v**3 + v**2 - 3*v - 2. Let r be f(-2). What is the greatest common divisor of c and r?
16
Let z(y) = -3*y - 1. Let s be z(-6). Let p = s - 12. Let t = 9 + 26. Calculate the highest common factor of p and t.
5
Suppose 13*n - 15*n = -10. Calculate the highest common divisor of n and 55.
5
Suppose -22 = -u + 26. Suppose 0 = 13*t - 2*t - 176. What is the greatest common divisor of t and u?
16
Let g = 20 + -11. Calculate the greatest common factor of 3 and g.
3
Suppose 0 = n + 7 + 10. Let k = n + 38. What is the highest common factor of k and 14?
7
Suppose 4*n + 0*n = -2*u + 304, -2*u + 309 = -n. What is the highest common factor of 14 and u?
14
Suppose -16 = -5*f + 4. What is the highest common factor of 28 and f?
4
Suppose -2*l - 18 = -5*d, 0 = 5*d + 5*l + 9 + 1. Suppose d - 50 = -3*y. What is the highest common divisor of y and 2?
2
Suppose 0 = -4*q - 5*y + 44, 0 = -q + 5*y + 21 + 15. Calculate the highest common factor of 8 and q.
8
Suppose -m = 4*m + 25. Let y(k) = -k**2 - 8*k - 4. Let n be y(m). Calculate the greatest common divisor of 55 and n.
11
Suppose d + 6 = -0*d + 3*q, -d + 2 = q. Suppose 24 = -d*j + 3*j. What is the highest common factor of 16 and j?
8
Let l(n) = n**2 - 2*n + 4. Let m be l(5). What is the highest common divisor of 57 and m?
19
Let q be -1*2/4 + 22/4. What is the greatest common divisor of 40 and q?
5
Suppose -9*j + 11*j - 192 = 0. Calculate the greatest common divisor of 32 and j.
32
Let t = -8 - -11. Let z be -12*((-39)/9 + t). Suppose 3*s - 2*s + 5*i - 65 = 0, -115 = -3*s + i. Calculate the greatest common factor of s and z.
8
Let m = -19 + 28. Calculate the greatest common factor of 63 and m.
9
Suppose 1382 = 6*l - 136. What is the highest common divisor of l and 23?
23
Let r(s) = -s**3 + 10*s**2 - 9*s. Let t be r(9). Suppose t*d = 5*d - 195. Calculate the highest common divisor of d and 26.
13
Suppose 0 = -d + 3*u - 12, 6 = 5*d - 2*u + 1. Suppose -2*q + 175 = d*q. What is the greatest common divisor of q and 5?
5
Suppose 2*k - 2*t - 30 = 0, 2*k - k + 3*t - 15 = 0. What is the highest common factor of k and 90?
15
Suppose -l - 3*i = -20, 0 = l + 3*l + 3*i - 80. What is the highest common divisor of l and 4?
4
Let a be 12 - 2/(-4)*0. Let w(h) = h**2 - 6*h + 1. Let x be w(4). Let c be (-1 + x)*1/(-2). What is the highest common divisor of c and a?
4
Suppose -5*s + 26 = -o - 37, 3*s + o = 33. Let h = -25 + 15. Let c = 2 - h. What is the greatest common divisor of c and s?
12
Let z be ((-4)/5)/((-3)/135). Suppose j - 4 = -1. Suppose -j*a - 3*y + 6 + 15 = 0, -2*a + 2*y + 2 = 0. Calculate the highest common divisor of z and a.
4
Let t = 13 + -10. What is the highest common divisor of 3 and t?
3
Suppose l - 18 - 12 = 0. Calculate the greatest common divisor of l and 15.
15
Suppose 0*z - 3*z = -9. What is the greatest common divisor of 1 and z?
1
Let u(k) = k**3 - 8*k**2 + 7*k + 5. Let o be u(7). Suppose -o*a + 8 = -22. Let t be (68/a)/(12/18). What is the highest common divisor of 153 and t?
17
Let m be -12*(1 + 12/(-9)). Suppose -m*t = -0*t - 12. Suppose -y = -t - 0. Calculate the greatest common factor of 27 and y.
3
Let n be 0 + 1/3 + 113/3. Calculate the greatest common divisor of 57 and n.
19
Let o be 309/15 + (-6)/(-15). Suppose -3*w = -3 - o. Let q = 1 + 39. Calculate the highest common factor of q and w.
8
Let u = -8 - -14. Let h be 12/5*75/u. Suppose 3*m - h = 6. Calculate the greatest common divisor of 132 and m.
12
Let n be (81/(-2))/3*(-64)/6. Suppose -4*v + 271 = 5*l - 3*v, 169 = 3*l - v. Let r = l + -39. What is the highest common divisor of n and r?
16
Let i be (-81)/(-36) + (-1)/4. What is the highest common divisor of i and 6?
2
Let v = 3 - -3. Let f(j) = j**2 + 7*j - 8. Let i be f(v). Calculate the greatest common divisor of i and 10.
10
Let f(c) = c**2 - 5*c + 5. Let k be f(11). Suppose -4*a + 9 + k = 0. What is the highest common divisor of 50 and a?
10
Let f(s) = -s + 8. Suppose -6*p + p = -50. Let i be f(p). Let z be 1 - -6 - (4 + i). What is the highest common divisor of z and 5?
5
Let h = -14 - -26. Suppose 0 = 4*z - z - h. What is the greatest common divisor of z and 4?
4
Let i(x) = x**3 + x**2 + 2*x + 84. Let r be i(0). Let f(n) = -13*n**3 - 2*n**2 - n. Let w be f(-1). What is the greatest common factor of r and w?
12
Let o(l) = l**2 + 5*l + 6. Let u be o(-4). Suppose 0 = -3*b + 8 - 2. Calculate the greatest common divisor of b and u.
2
Let h = 306 - 64. Calculate the highest common factor of 22 and h.
22
Suppose -5*y + 23 = -2. Suppose y*a - 52 = 8. Calculate the highest common divisor of 3 and a.
3
Let o(q) = -q**3 + 6*q**2 - 3*q - 7. Let p be o(5). Suppose 0 = 2*m + 4, -4*z + m - p*m = 0. What is the highest common factor of 11 and z?
1
Suppose -5*x + 3*w = -w - 563, 0 = 2*w - 6. Calcul